reatest common divisor of n and 27?
27
Let u be ((-18228)/112)/((-18)/48). What is the greatest common factor of u and 42?
14
Let x = 500 - 401. Calculate the highest common factor of x and 154.
11
Let p be 2*18/(-8)*-6. Calculate the highest common factor of p and 459.
27
Let q be 25630/18 + -2 - 9/(-81). Calculate the highest common factor of q and 18.
18
Let i = 234 + -200. What is the highest common divisor of i and 119?
17
Suppose 2*k - k = 4*j + 2, 5*k = 4*j - 22. Let s be 6/9 - 8/k. Let r be s/9 + (-9492)/(-54). What is the greatest common divisor of r and 16?
16
Let h = 80 - 118. Let n = h - -62. Calculate the highest common factor of n and 2.
2
Suppose -3*a + 3*r + 81 = 0, -5*r - 75 = -a - 2*a. Suppose -3*d + 30 = -3*y - a, -d = -3*y - 16. What is the highest common factor of d and 55?
11
Let z(w) = -5*w**2 + 12*w**2 - 15*w + 21 - 6*w**2. Suppose -2*j = -j - 14. Let x be z(j). Calculate the highest common divisor of x and 49.
7
Suppose 6 - 4 = r. Suppose r*a = 7*a - 65. Suppose 5*t - 21 = -3*y + a, -3*t = -5*y - 34. What is the greatest common divisor of t and 20?
4
Let b(r) = r**3 - 13*r**2 + 2*r + 1. Let g be b(13). Let f = g + -5. Let q be (8 + 1)/(-3) + f. What is the highest common factor of q and 19?
19
Let n be (-6)/2 - (-72 + -6). Calculate the greatest common factor of 25 and n.
25
Let c(s) = 5*s**2 - 11*s - 24. Let w be c(-2). Suppose -16 = -3*x + 11. Calculate the greatest common factor of x and w.
9
Suppose 75*f = 79*f - 252. What is the highest common divisor of f and 3717?
63
Let q(o) = -o**2 + 7*o + 11. Let t be q(4). What is the highest common divisor of t and 1357?
23
Let p = 71 + -34. Let o be (0 - -403) + (6 - (-1 - -3)). Calculate the greatest common divisor of o and p.
37
Let z(d) = -d + 15. Suppose 2*j - 79 + 27 = 0. Suppose 4*y - 2 = -4*c + j, -5*c - 46 = -4*y. Let k be z(y). What is the greatest common divisor of 3 and k?
3
Let m(b) = -b**2 + 27*b - 127. Let o be m(17). What is the greatest common divisor of o and 731?
43
Let d be 2 + 0 + 12/(-6) - -135. Suppose 0*x + 3*x = 162. Calculate the highest common divisor of x and d.
27
Suppose -60 = -4*r - 5*s, -3*r + 49 - 4 = s. Calculate the greatest common divisor of r and 18.
3
Suppose -512 = -4*m + 156. Suppose 0 = -5*l + m + 58. Calculate the highest common divisor of l and 15.
15
Let y = -28 + 148. Let w = y + -54. Let t be (14 + -2)*1/2. What is the greatest common divisor of t and w?
6
Let a(k) = -k**2 + 15*k - 11. Let v be a(13). Let g be 3/(2*v/110). Calculate the greatest common factor of g and 22.
11
Suppose -3*k - 2*k + z + 25 = 0, 3*z + 19 = k. Suppose k*h = 2 + 126. What is the highest common divisor of h and 48?
16
Let s be (16 + -88)*4/(-6). Suppose 3*c - 362 = -2*t, -4*c = -0*t + 3*t - 483. Calculate the highest common divisor of c and s.
24
Let n(g) = 3*g + 64. Let c be n(-4). What is the greatest common factor of 598 and c?
26
Let u be 63/(-28)*96/(-9). What is the highest common divisor of 708 and u?
12
Let l(p) = p**3 - 8*p**2 - 9*p + 8. Let w be l(9). Suppose -40 = -w*a + 56. What is the highest common factor of a and 24?
12
Suppose -5*y - 13 + 33 = 0. Suppose y*o - 7*o + 861 = 0. Suppose -r = -3*l - 192, -r - 75 = l - o. What is the greatest common factor of 23 and r?
23
Let i be ((8/(-6))/(-4))/((-2)/(-318)). Suppose 430 = -51*p + i*p. What is the greatest common factor of 43 and p?
43
Let f be 14/(-210)*5 + 6194/6. What is the highest common divisor of 129 and f?
129
Let t be (-2)/(2 + -1) - -37. Suppose 2*i + 2*s - 202 = 0, 0 = -5*i + 2*s + 468 + 65. What is the greatest common divisor of t and i?
35
Let i(t) = -31*t**2 - t + 12. Let k be i(3). Let l be 2/(-4) + 4 + k/(-12). Calculate the greatest common factor of l and 104.
26
Let s be (-2 - -2*2)/((-2)/3). Let k be (-119)/s - 2/3. Calculate the greatest common divisor of 3 and k.
3
Let c be -7*(5/7 + -1). Suppose -10 = -s - 3*h, 21*s - 3*h + 26 = 26*s. What is the highest common factor of s and c?
2
Let j be (9/(-6))/(4/(992/(-12))). Calculate the highest common factor of 62 and j.
31
Suppose a + 9 - 7 = 0. Let o be 9710/60 + a/(-12). Calculate the greatest common divisor of 18 and o.
18
Suppose -2*d = -9 - 11. Suppose -3*q + d = 4*t - 5*t, 22 = 5*q + t. Suppose 0 = -5*x + 122 + 58. What is the highest common factor of q and x?
4
Suppose -3*n = 2*i - 214, 2*n + 13 + 87 = i. Calculate the greatest common divisor of i and 16.
8
Let f(y) = y**2 + 2*y - 8. Let p be f(0). Let j be (21 - 7) + p/(-2). Calculate the highest common divisor of j and 27.
9
Suppose 0*r - 4*r = -40. Suppose -6362*b - 40 = -6370*b. What is the greatest common divisor of b and r?
5
Let l be (-8)/20 - (-134)/10. Suppose 2*c = -l + 79. Calculate the greatest common factor of c and 11.
11
Let h(r) = 4*r - 91. Let m be h(24). Let l(k) = k**3 + 5*k**2 - k - 5. Let v be l(-4). Suppose 0*g = g - v. Calculate the highest common divisor of g and m.
5
Let x be 7 - (1 - 7 - 79). What is the highest common divisor of 69 and x?
23
Let y(z) be the second derivative of z**3/6 + 17*z**2/2 + 21*z. Let r be y(-12). What is the greatest common divisor of r and 10?
5
Let n = -5 + 9. Let o be (20/15)/((-8)/(-36)). Suppose o*r - 14 = 10. Calculate the greatest common factor of n and r.
4
Suppose 2*o - 6 = 4*g - 3*g, -2*o = -3*g - 10. Let r be o/(4/23) + 30/(-20). Calculate the highest common divisor of 40 and r.
10
Let o(m) = 5*m - 20. Let v be o(7). Suppose 0 = v*i - 12*i - 27. Suppose 5*u = 28 + 62. Calculate the greatest common divisor of i and u.
9
Let z(g) = g - 5. Let q be z(6). Suppose -q = a - 12. Let m(f) = f**3 + 4*f**2 - 3*f - 1. Let k be m(-4). Calculate the highest common divisor of a and k.
11
Let g = -34 + 58. Let d(w) = w**3 - 10*w**2 + 13*w - 12. Let u be d(9). Calculate the greatest common factor of u and g.
24
Let s(l) be the first derivative of -l**4/4 - l**3 + 6*l**2 - 3*l + 18. Let m be s(-6). What is the highest common divisor of m and 264?
33
Let b be 28/(-21)*27/(-2). Let f be 572/b + 16/72. What is the highest common divisor of f and 4?
4
Suppose 236 = 5*t - 34. Let d = t + -25. What is the highest common factor of d and 232?
29
Suppose 6*x - 151 = 2*x - 5*w, x - 3*w = 42. Calculate the highest common factor of 12 and x.
3
Let u(k) = k - 27. Let f be u(12). Let w be (54/(-15))/(1/f). Suppose -g + 76 = 3*s, -2*s - 5*g + g = -w. What is the greatest common factor of s and 275?
25
Let q = -1126 + 1361. What is the greatest common divisor of 5 and q?
5
Let r be (-32)/(-12) - 2/(-6). Let g = -2 + 7. Suppose -r*y + 12 = -0*y, -z - g*y = -100. Calculate the highest common divisor of 10 and z.
10
Let l be 644/20 - 8*(-10)/(-400). What is the highest common factor of 14 and l?
2
Let o be (-3 - 0) + (18/6 - -3). Suppose 6*x - 210 = o*x. Suppose 0 = -y + 2*g + 8, 4*y + 4*g - 100 + 32 = 0. What is the highest common factor of x and y?
14
Let m = -200 - -208. What is the greatest common factor of m and 1?
1
Suppose 0 = -2*w + 4 - 0. Let d be 19/w - (-2)/(-4). Suppose 9*h - 8*h - 2 = 0, -5*n = -3*h - 129. Calculate the greatest common factor of n and d.
9
Suppose i - 2*t + 0 = -2, -i - 3*t = -18. Let g be (-4)/(-18) + i/((-216)/(-388)). What is the highest common divisor of g and 99?
11
Let w(y) = y**2 + 10*y + 15. Let x be w(-11). Let u(t) = 8*t**2 - 2. Suppose 3*m + 6 = 4*m. Let v be u(m). Calculate the greatest common divisor of v and x.
26
Let a(s) = -s**3 - 7*s**2 - 4*s + 17. Let g be a(-6). Calculate the highest common factor of 25 and g.
5
Let i be (2 + 36/(-10))/(6/(-765)). Let k = -60 + i. Calculate the highest common factor of k and 16.
16
Let s = 487 - 245. Calculate the greatest common factor of s and 88.
22
Let f be 9/(-72)*-2 - (-382)/8. What is the greatest common divisor of f and 112?
16
Suppose -5*q + 15 = -0*q. Suppose 21 = 3*p + q. Let g be (4/3)/((-6)/(-9)). What is the greatest common divisor of g and p?
2
Suppose -167 = -4*f - 15. What is the highest common factor of f and 57?
19
Let a be 2/(-5) + 1330/(-50). Let v = a + 63. Calculate the greatest common factor of 396 and v.
36
Suppose 2*l - 49 + 1 = 0. Let c = l + -15. Calculate the greatest common divisor of 3 and c.
3
Let y = 0 - -2. Suppose 0*t = -5*x + 4*t + 181, 3*x + y*t = 91. What is the greatest common divisor of 22 and x?
11
Suppose -551 + 75